414 is divided by 60.
54
Calculate the remainder when 3376 is divided by 10.
6
What is the remainder when 439 is divided by 178?
83
Calculate the remainder when 55 is divided by 8.
7
Calculate the remainder when 1681 is divided by 37.
16
What is the remainder when 102 is divided by 12?
6
What is the remainder when 191 is divided by 185?
6
What is the remainder when 188 is divided by 175?
13
What is the remainder when 210 is divided by 179?
31
What is the remainder when 135 is divided by 17?
16
What is the remainder when 150 is divided by 24?
6
What is the remainder when 7221 is divided by 43?
40
What is the remainder when 638 is divided by 107?
103
Calculate the remainder when 608 is divided by 296.
16
Calculate the remainder when 109 is divided by 37.
35
Calculate the remainder when 1292 is divided by 645.
2
What is the remainder when 214 is divided by 5?
4
What is the remainder when 7993 is divided by 15?
13
What is the remainder when 419 is divided by 104?
3
What is the remainder when 30 is divided by 9?
3
What is the remainder when 1327 is divided by 38?
35
What is the remainder when 1561 is divided by 394?
379
Calculate the remainder when 274 is divided by 39.
1
Calculate the remainder when 7313 is divided by 11.
9
Calculate the remainder when 71 is divided by 68.
3
Calculate the remainder when 481 is divided by 71.
55
Calculate the remainder when 300 is divided by 16.
12
Calculate the remainder when 1830 is divided by 141.
138
What is the remainder when 741 is divided by 61?
9
Calculate the remainder when 1536 is divided by 97.
81
Calculate the remainder when 2913 is divided by 968.
9
Calculate the remainder when 799 is divided by 785.
14
What is the remainder when 96 is divided by 10?
6
What is the remainder when 116 is divided by 61?
55
What is the remainder when 70 is divided by 16?
6
Calculate the remainder when 2526 is divided by 32.
30
What is the remainder when 208 is divided by 55?
43
What is the remainder when 529 is divided by 76?
73
What is the remainder when 1363 is divided by 53?
38
What is the remainder when 645 is divided by 128?
5
Calculate the remainder when 2996 is divided by 9.
8
Calculate the remainder when 70 is divided by 12.
10
Calculate the remainder when 152 is divided by 51.
50
What is the remainder when 438 is divided by 114?
96
What is the remainder when 490 is divided by 84?
70
Calculate the remainder when 36 is divided by 10.
6
Calculate the remainder when 2940 is divided by 965.
45
Calculate the remainder when 97 is divided by 22.
9
What is the remainder when 93 is divided by 27?
12
Calculate the remainder when 207 is divided by 52.
51
What is the remainder when 526 is divided by 16?
14
What is the remainder when 17687 is divided by 14?
5
What is the remainder when 812 is divided by 383?
46
Calculate the remainder when 148 is divided by 132.
16
What is the remainder when 973 is divided by 80?
13
What is the remainder when 4691 is divided by 45?
11
What is the remainder when 3935 is divided by 112?
15
Calculate the remainder when 150 is divided by 52.
46
What is the remainder when 162 is divided by 53?
3
What is the remainder when 219 is divided by 11?
10
What is the remainder when 96 is divided by 22?
8
What is the remainder when 782 is divided by 369?
44
Calculate the remainder when 8064 is divided by 109.
107
What is the remainder when 181 is divided by 3?
1
What is the remainder when 1202 is divided by 28?
26
What is the remainder when 40 is divided by 12?
4
Calculate the remainder when 1251 is divided by 14.
5
Calculate the remainder when 250 is divided by 213.
37
Calculate the remainder when 279 is divided by 43.
21
Calculate the remainder when 383 is divided by 43.
39
What is the remainder when 3057 is divided by 33?
21
What is the remainder when 136 is divided by 20?
16
Calculate the remainder when 807 is divided by 81.
78
What is the remainder when 967 is divided by 17?
15
Calculate the remainder when 47 is divided by 19.
9
Calculate the remainder when 339 is divided by 111.
6
Calculate the remainder when 143 is divided by 7.
3
What is the remainder when 221 is divided by 22?
1
What is the remainder when 2913 is divided by 37?
27
Calculate the remainder when 61 is divided by 12.
1
What is the remainder when 1378 is divided by 139?
127
What is the remainder when 82 is divided by 6?
4
What is the remainder when 2462 is divided by 492?
2
What is the remainder when 117 is divided by 24?
21
Calculate the remainder when 20 is divided by 7.
6
Calculate the remainder when 42 is divided by 34.
8
Calculate the remainder when 521 is divided by 87.
86
Calculate the remainder when 1773 is divided by 71.
69
Calculate the remainder when 2661 is divided by 31.
26
Calculate the remainder when 214 is divided by 115.
99
Calculate the remainder when 137 is divided by 51.
35
What is the remainder when 118 is divided by 62?
56
Calculate the remainder when 2117 is divided by 20.
17
Calculate the remainder when 338 is divided by 30.
8
What is the remainder when 1481 is divided by 363?
29
Calculate the remainder when 182 is divided by 64.
54
Calculate the remainder when 689 is divided by 115.
114
Calculate the remainder when 212 is divided by 64.
20
What is the remainder when 74 is divided by 16?
10
What is the remainder when 150 is divided by 88?
62
Calculate the remainder when 271 is divided by 80.
31
What is the remainder when 1565 is divided by 63?
53
What is the remainder when 1991 is divided by 95?
91
What is the remainder when 112 is divided by 61?
51
What is the remainder when 194 is divided by 27?
5
Calculate the remainder when 248 is divided by 37.
26
What is the remainder when 304 is divided by 11?
7
Calculate the remainder when 3025 is divided by 13.
9
Calculate the remainder when 213 is divided by 44.
37
Calculate the remainder when 154 is divided by 68.
18
What is the remainder when 421 is divided by 24?
13
What is the remainder when 531 is divided by 111?
87
Calculate the remainder when 591 is divided by 294.
3
Calculate the remainder when 398 is divided by 58.
50
What is the remainder when 546 is divided by 23?
17
What is the remainder when 126 is divided by 35?
21
What is the remainder when 59 is divided by 32?
27
Calculate the remainder when 984 is divided by 322.
18
Calculate the remainder when 120 is divided by 40.
0
What is the remainder when 2250 is divided by 47?
41
What is the remainder when 2402 is divided by 79?
32
Calculate the remainder when 2990 is divided by 993.
11
What is the remainder when 2837 is divided by 43?
42
What is the remainder when 306 is divided by 26?
20
What is the remainder when 225 is divided by 21?
15
What is the remainder when 200 is divided by 22?
2
What is the remainder when 18 is divided by 14?
4
What is the remainder when 2240 is divided by 29?
7
Calculate the remainder when 44 is divided by 30.
14
Calculate the remainder when 235 is divided by 55.
15
Calculate the remainder when 77 is divided by 12.
5
What is the remainder when 9739 is divided by 16?
11
Calculate the remainder when 96 is divided by 45.
6
What is the remainder when 1406 is divided by 29?
14
Calculate the remainder when 1784 is divided by 47.
45
What is the remainder when 887 is divided by 99?
95
What is the remainder when 4025 is divided by 62?
57
What is the remainder when 161 is divided by 82?
79
Calculate the remainder when 385 is divided by 185.
15
What is the remainder when 531 is divided by 88?
3
Calculate the remainder when 2269 is divided by 35.
29
What is the remainder when 149 is divided by 22?
17
What is the remainder when 428 is divided by 13?
12
Calculate the remainder when 244 is divided by 62.
58
Calculate the remainder when 1310 is divided by 66.
56
What is the remainder when 158 is divided by 23?
20
What is the remainder when 28 is divided by 12?
4
Calculate the remainder when 1143 is divided by 44.
43
Calculate the remainder when 618 is divided by 180.
78
Calculate the remainder when 130 is divided by 128.
2
Calculate the remainder when 275 is divided by 173.
102
What is the remainder when 861 is divided by 859?
2
Calculate the remainder when 130 is divided by 36.
22
Calculate the remainder when 370 is divided by 57.
28
What is the remainder when 72 is divided by 30?
12
Calculate t